{"id":483,"date":"2024-02-09T14:39:02","date_gmt":"2024-02-09T14:39:02","guid":{"rendered":"https:\/\/vocalvircan.com\/?page_id=483"},"modified":"2024-02-09T14:39:45","modified_gmt":"2024-02-09T14:39:45","slug":"a-propos-de-nous","status":"publish","type":"page","link":"https:\/\/vocalvircan.com\/index.php\/fr\/a-propos-de-nous\/","title":{"rendered":"\u00c0 PROPOS DE NOUS"},"content":{"rendered":"\t\t<div data-elementor-type=\"wp-page\" data-elementor-id=\"483\" class=\"elementor elementor-483\">\n\t\t\t\t<div class=\"elementor-element elementor-element-4c6d6f8 e-flex e-con-boxed e-con e-parent\" data-id=\"4c6d6f8\" data-element_type=\"container\">\n\t\t\t\t\t<div class=\"e-con-inner\">\n\t\t\t\t<div class=\"elementor-element elementor-element-c9301a3 elementor-widget elementor-widget-text-editor\" data-id=\"c9301a3\" data-element_type=\"widget\" data-widget_type=\"text-editor.default\">\n\t\t\t\t<div class=\"elementor-widget-container\">\n\t\t\t\t\t\t\t\t\t<p>L\u00e0 o\u00f9 se terminent les fronti\u00e8res naturelles de l&#8217;Europe et o\u00f9 l&#8217;Est se confond avec l&#8217;Ouest, s&#8217;\u00e9l\u00e8vent les sombres montagnes du Caucase, une terre entour\u00e9e de l\u00e9gendes et de traditions profondes, o\u00f9 le pass\u00e9 refuse de dispara\u00eetre.<\/p><p>Le chant polyphonique g\u00e9orgien est l&#8217;un des plus reconnus au monde pour sa grande polyvalence et sa particularit\u00e9, gr\u00e2ce \u00e0 la diversit\u00e9 des mani\u00e8res de chanter des diff\u00e9rentes communaut\u00e9s g\u00e9orgiennes. Au point d&#8217;avoir \u00e9t\u00e9 d\u00e9clar\u00e9 patrimoine immat\u00e9riel de l&#8217;humanit\u00e9 par l&#8217;UNESCO en 2001 et d&#8217;avoir fait partie des musiques figurant sur le disque d&#8217;or de la sonde spatiale &#8220;Voyager 1&#8221;.<\/p><p>Les chansons populaires occupent une place primordiale dans la culture g\u00e9orgienne. Certains de ces chants remontent au VIIIe si\u00e8cle et \u00e9taient chant\u00e9s dans tous les domaines de la vie sociale, depuis les travaux des champs, diverses c\u00e9l\u00e9brations et c\u00e9r\u00e9monies, jusqu&#8217;aux hymnes liturgiques orthodoxes.<\/p><p>Vocal Vircan est un groupe vocal \u00ab a cappella \u00bb de 8 chanteurs situ\u00e9 en Catalogne, avec la moiti\u00e9 de ses membres d&#8217;origine g\u00e9orgienne et l&#8217;autre moiti\u00e9 d&#8217;origine catalane. Certains de ses membres jouent \u00e9galement des instruments traditionnels g\u00e9orgiens (panduri, chonduri) dans certaines chansons, ainsi que de la guitare et du piano.<\/p><p>Le groupe a d\u00e9velopp\u00e9 un large r\u00e9pertoire qui comprend des chants liturgiques, des chants urbains, folkloriques et racines des diff\u00e9rentes r\u00e9gions de G\u00e9orgie (comme Svaneti, Kakheti, Samegrelo&#8230;), ce qui repr\u00e9sente une grande vari\u00e9t\u00e9 musicale et timbrale.<\/p><p>Le groupe a \u00e9t\u00e9 cr\u00e9\u00e9 en 2020 et a \u00e9t\u00e9 reconnu par le minist\u00e8re des Affaires \u00e9trang\u00e8res du gouvernement g\u00e9orgien, les invitant \u00e0 chanter lors de l&#8217;\u00e9v\u00e9nement de la diaspora g\u00e9orgienne en d\u00e9cembre 2021 \u00e0 Tbilissi (la capitale de la G\u00e9orgie). En 2022, Vocal Vircan a sorti son premier album enregistr\u00e9 en direct du concert solo de Barcelone.<\/p>\t\t\t\t\t\t\t\t<\/div>\n\t\t\t\t<\/div>\n\t\t\t\t\t<\/div>\n\t\t\t\t<\/div>\n\t\t\t\t<\/div>\n\t\t","protected":false},"excerpt":{"rendered":"<p>L\u00e0 o\u00f9 se terminent les fronti\u00e8res naturelles de l&#8217;Europe et o\u00f9 l&#8217;Est se confond avec l&#8217;Ouest, s&#8217;\u00e9l\u00e8vent les sombres montagnes du Caucase, une terre entour\u00e9e de l\u00e9gendes et de traditions<\/p>\n<p class=\"more-link\"><a href=\"https:\/\/vocalvircan.com\/index.php\/fr\/a-propos-de-nous\/\" class=\"readmore\">Continue reading<span class=\"screen-reader-text\">\u00c0 PROPOS DE NOUS<\/span><\/a><\/p>\n","protected":false},"author":1,"featured_media":0,"parent":0,"menu_order":0,"comment_status":"closed","ping_status":"closed","template":"","meta":{"footnotes":""},"class_list":["post-483","page","type-page","status-publish","hentry"],"yoast_head":"<!-- This site is optimized with the Yoast SEO plugin v26.5 - https:\/\/yoast.com\/wordpress\/plugins\/seo\/ -->\n<title>\u00c0 PROPOS DE NOUS - Vocal Vircan<\/title>\n<meta name=\"robots\" content=\"index, follow, max-snippet:-1, max-image-preview:large, max-video-preview:-1\" \/>\n<link rel=\"canonical\" href=\"https:\/\/vocalvircan.com\/index.php\/fr\/a-propos-de-nous\/\" \/>\n<meta property=\"og:locale\" content=\"en_US\" \/>\n<meta property=\"og:type\" content=\"article\" \/>\n<meta property=\"og:title\" content=\"\u00c0 PROPOS DE NOUS - Vocal Vircan\" \/>\n<meta property=\"og:description\" content=\"L\u00e0 o\u00f9 se terminent les fronti\u00e8res naturelles de l&#8217;Europe et o\u00f9 l&#8217;Est se confond avec l&#8217;Ouest, s&#8217;\u00e9l\u00e8vent les sombres montagnes du Caucase, une terre entour\u00e9e de l\u00e9gendes et de traditionsContinue reading\u00c0 PROPOS DE NOUS\" \/>\n<meta property=\"og:url\" content=\"https:\/\/vocalvircan.com\/index.php\/fr\/a-propos-de-nous\/\" \/>\n<meta property=\"og:site_name\" content=\"Vocal Vircan\" \/>\n<meta property=\"article:publisher\" content=\"https:\/\/www.facebook.com\/p\/Vocal-Vircan-Msica-Polifnica-Georgiana-61554379576336\/\" \/>\n<meta property=\"article:modified_time\" content=\"2024-02-09T14:39:45+00:00\" \/>\n<meta name=\"twitter:card\" content=\"summary_large_image\" \/>\n<meta name=\"twitter:label1\" content=\"Est. reading time\" \/>\n\t<meta name=\"twitter:data1\" content=\"2 minutes\" \/>\n<script type=\"application\/ld+json\" class=\"yoast-schema-graph\">{\"@context\":\"https:\/\/schema.org\",\"@graph\":[{\"@type\":\"WebPage\",\"@id\":\"https:\/\/vocalvircan.com\/index.php\/fr\/a-propos-de-nous\/\",\"url\":\"https:\/\/vocalvircan.com\/index.php\/fr\/a-propos-de-nous\/\",\"name\":\"\u00c0 PROPOS DE NOUS - Vocal Vircan\",\"isPartOf\":{\"@id\":\"https:\/\/vocalvircan.com\/#website\"},\"datePublished\":\"2024-02-09T14:39:02+00:00\",\"dateModified\":\"2024-02-09T14:39:45+00:00\",\"breadcrumb\":{\"@id\":\"https:\/\/vocalvircan.com\/index.php\/fr\/a-propos-de-nous\/#breadcrumb\"},\"inLanguage\":\"en-US\",\"potentialAction\":[{\"@type\":\"ReadAction\",\"target\":[\"https:\/\/vocalvircan.com\/index.php\/fr\/a-propos-de-nous\/\"]}]},{\"@type\":\"BreadcrumbList\",\"@id\":\"https:\/\/vocalvircan.com\/index.php\/fr\/a-propos-de-nous\/#breadcrumb\",\"itemListElement\":[{\"@type\":\"ListItem\",\"position\":1,\"name\":\"Portada\",\"item\":\"https:\/\/vocalvircan.com\/\"},{\"@type\":\"ListItem\",\"position\":2,\"name\":\"\u00c0 PROPOS DE NOUS\"}]},{\"@type\":\"WebSite\",\"@id\":\"https:\/\/vocalvircan.com\/#website\",\"url\":\"https:\/\/vocalvircan.com\/\",\"name\":\"Vocal Vircan\",\"description\":\"M\u00fasica Polif\u00f3nica Georgiana\",\"publisher\":{\"@id\":\"https:\/\/vocalvircan.com\/#organization\"},\"potentialAction\":[{\"@type\":\"SearchAction\",\"target\":{\"@type\":\"EntryPoint\",\"urlTemplate\":\"https:\/\/vocalvircan.com\/?s={search_term_string}\"},\"query-input\":{\"@type\":\"PropertyValueSpecification\",\"valueRequired\":true,\"valueName\":\"search_term_string\"}}],\"inLanguage\":\"en-US\"},{\"@type\":\"Organization\",\"@id\":\"https:\/\/vocalvircan.com\/#organization\",\"name\":\"Vocal Vircan\",\"url\":\"https:\/\/vocalvircan.com\/\",\"logo\":{\"@type\":\"ImageObject\",\"inLanguage\":\"en-US\",\"@id\":\"https:\/\/vocalvircan.com\/#\/schema\/logo\/image\/\",\"url\":\"https:\/\/vocalvircan.com\/wp-content\/uploads\/2023\/12\/Recurso-10X3-e1703174798208.png\",\"contentUrl\":\"https:\/\/vocalvircan.com\/wp-content\/uploads\/2023\/12\/Recurso-10X3-e1703174798208.png\",\"width\":100,\"height\":114,\"caption\":\"Vocal Vircan\"},\"image\":{\"@id\":\"https:\/\/vocalvircan.com\/#\/schema\/logo\/image\/\"},\"sameAs\":[\"https:\/\/www.facebook.com\/p\/Vocal-Vircan-Msica-Polifnica-Georgiana-61554379576336\/\",\"https:\/\/www.instagram.com\/vocalvircan\/?hl=es\"]}]}<\/script>\n<!-- \/ Yoast SEO plugin. -->","yoast_head_json":{"title":"\u00c0 PROPOS DE NOUS - Vocal Vircan","robots":{"index":"index","follow":"follow","max-snippet":"max-snippet:-1","max-image-preview":"max-image-preview:large","max-video-preview":"max-video-preview:-1"},"canonical":"https:\/\/vocalvircan.com\/index.php\/fr\/a-propos-de-nous\/","og_locale":"en_US","og_type":"article","og_title":"\u00c0 PROPOS DE NOUS - Vocal Vircan","og_description":"L\u00e0 o\u00f9 se terminent les fronti\u00e8res naturelles de l&#8217;Europe et o\u00f9 l&#8217;Est se confond avec l&#8217;Ouest, s&#8217;\u00e9l\u00e8vent les sombres montagnes du Caucase, une terre entour\u00e9e de l\u00e9gendes et de traditionsContinue reading\u00c0 PROPOS DE NOUS","og_url":"https:\/\/vocalvircan.com\/index.php\/fr\/a-propos-de-nous\/","og_site_name":"Vocal Vircan","article_publisher":"https:\/\/www.facebook.com\/p\/Vocal-Vircan-Msica-Polifnica-Georgiana-61554379576336\/","article_modified_time":"2024-02-09T14:39:45+00:00","twitter_card":"summary_large_image","twitter_misc":{"Est. reading time":"2 minutes"},"schema":{"@context":"https:\/\/schema.org","@graph":[{"@type":"WebPage","@id":"https:\/\/vocalvircan.com\/index.php\/fr\/a-propos-de-nous\/","url":"https:\/\/vocalvircan.com\/index.php\/fr\/a-propos-de-nous\/","name":"\u00c0 PROPOS DE NOUS - Vocal Vircan","isPartOf":{"@id":"https:\/\/vocalvircan.com\/#website"},"datePublished":"2024-02-09T14:39:02+00:00","dateModified":"2024-02-09T14:39:45+00:00","breadcrumb":{"@id":"https:\/\/vocalvircan.com\/index.php\/fr\/a-propos-de-nous\/#breadcrumb"},"inLanguage":"en-US","potentialAction":[{"@type":"ReadAction","target":["https:\/\/vocalvircan.com\/index.php\/fr\/a-propos-de-nous\/"]}]},{"@type":"BreadcrumbList","@id":"https:\/\/vocalvircan.com\/index.php\/fr\/a-propos-de-nous\/#breadcrumb","itemListElement":[{"@type":"ListItem","position":1,"name":"Portada","item":"https:\/\/vocalvircan.com\/"},{"@type":"ListItem","position":2,"name":"\u00c0 PROPOS DE NOUS"}]},{"@type":"WebSite","@id":"https:\/\/vocalvircan.com\/#website","url":"https:\/\/vocalvircan.com\/","name":"Vocal Vircan","description":"M\u00fasica Polif\u00f3nica Georgiana","publisher":{"@id":"https:\/\/vocalvircan.com\/#organization"},"potentialAction":[{"@type":"SearchAction","target":{"@type":"EntryPoint","urlTemplate":"https:\/\/vocalvircan.com\/?s={search_term_string}"},"query-input":{"@type":"PropertyValueSpecification","valueRequired":true,"valueName":"search_term_string"}}],"inLanguage":"en-US"},{"@type":"Organization","@id":"https:\/\/vocalvircan.com\/#organization","name":"Vocal Vircan","url":"https:\/\/vocalvircan.com\/","logo":{"@type":"ImageObject","inLanguage":"en-US","@id":"https:\/\/vocalvircan.com\/#\/schema\/logo\/image\/","url":"https:\/\/vocalvircan.com\/wp-content\/uploads\/2023\/12\/Recurso-10X3-e1703174798208.png","contentUrl":"https:\/\/vocalvircan.com\/wp-content\/uploads\/2023\/12\/Recurso-10X3-e1703174798208.png","width":100,"height":114,"caption":"Vocal Vircan"},"image":{"@id":"https:\/\/vocalvircan.com\/#\/schema\/logo\/image\/"},"sameAs":["https:\/\/www.facebook.com\/p\/Vocal-Vircan-Msica-Polifnica-Georgiana-61554379576336\/","https:\/\/www.instagram.com\/vocalvircan\/?hl=es"]}]}},"_links":{"self":[{"href":"https:\/\/vocalvircan.com\/index.php\/wp-json\/wp\/v2\/pages\/483","targetHints":{"allow":["GET"]}}],"collection":[{"href":"https:\/\/vocalvircan.com\/index.php\/wp-json\/wp\/v2\/pages"}],"about":[{"href":"https:\/\/vocalvircan.com\/index.php\/wp-json\/wp\/v2\/types\/page"}],"author":[{"embeddable":true,"href":"https:\/\/vocalvircan.com\/index.php\/wp-json\/wp\/v2\/users\/1"}],"replies":[{"embeddable":true,"href":"https:\/\/vocalvircan.com\/index.php\/wp-json\/wp\/v2\/comments?post=483"}],"version-history":[{"count":4,"href":"https:\/\/vocalvircan.com\/index.php\/wp-json\/wp\/v2\/pages\/483\/revisions"}],"predecessor-version":[{"id":488,"href":"https:\/\/vocalvircan.com\/index.php\/wp-json\/wp\/v2\/pages\/483\/revisions\/488"}],"wp:attachment":[{"href":"https:\/\/vocalvircan.com\/index.php\/wp-json\/wp\/v2\/media?parent=483"}],"curies":[{"name":"wp","href":"https:\/\/api.w.org\/{rel}","templated":true}]}}