{"id":670,"date":"2025-07-10T09:55:08","date_gmt":"2025-07-10T09:55:08","guid":{"rendered":"https:\/\/vocalvircan.com\/?page_id=670"},"modified":"2025-07-10T09:56:04","modified_gmt":"2025-07-10T09:56:04","slug":"uber-uns","status":"publish","type":"page","link":"https:\/\/vocalvircan.com\/index.php\/de\/uber-uns\/","title":{"rendered":"\u00dcber uns"},"content":{"rendered":"\t\t<div data-elementor-type=\"wp-page\" data-elementor-id=\"670\" class=\"elementor elementor-670\">\n\t\t\t\t<div class=\"elementor-element elementor-element-4c6d6f8 e-flex e-con-boxed e-con e-parent\" data-id=\"4c6d6f8\" data-element_type=\"container\">\n\t\t\t\t\t<div class=\"e-con-inner\">\n\t\t\t\t<div class=\"elementor-element elementor-element-c9301a3 elementor-widget elementor-widget-text-editor\" data-id=\"c9301a3\" data-element_type=\"widget\" data-widget_type=\"text-editor.default\">\n\t\t\t\t<div class=\"elementor-widget-container\">\n\t\t\t\t\t\t\t\t\t<p>Wo die nat\u00fcrlichen Grenzen Europas enden und der Osten auf den Westen trifft, erheben sich die dunklen Berge des Kaukasus, ein Land, das von Legenden und tiefen Traditionen umgeben ist und in dem die Vergangenheit nicht verschwinden will.<\/p><p>Der georgische mehrstimmige Gesang ist aufgrund seiner Vielseitigkeit und Einzigartigkeit, die auf die unterschiedlichen Gesangsstile der verschiedenen georgischen Gemeinschaften zur\u00fcckzuf\u00fchren ist, weltweit anerkannt. Er wurde 2001 von der UNESCO zum immateriellen Kulturerbe der Menschheit erkl\u00e4rt und in die goldene Schallplatte der Raumsonde \u201eVoyager 1\u201c aufgenommen.<\/p><p>Volkslieder nehmen einen wichtigen Platz in der georgischen Kultur ein. Einige dieser Lieder reichen bis ins 8. Jahrhundert zur\u00fcck und wurden in allen Bereichen des gesellschaftlichen Lebens gesungen, von der Arbeit auf dem Bauernhof \u00fcber verschiedene Feste und Zeremonien bis hin zu orthodoxen liturgischen Ges\u00e4ngen.<\/p><p>Vocal Vircan ist eine in Katalonien ans\u00e4ssige A-cappella-Gesangsgruppe mit acht S\u00e4ngern, von denen die H\u00e4lfte georgischer und die andere H\u00e4lfte katalanischer Herkunft ist. Einige Mitglieder spielen bei einigen Liedern auch traditionelle georgische Instrumente (Panduri, Chonduri), sowie Gitarre und Klavier.<\/p><p>Die Gruppe hat ein breites Repertoire entwickelt, das liturgische Ges\u00e4nge, Stadt-, Volks- und Stammeslieder aus verschiedenen Regionen Georgiens (wie Swanetien, Kachetien, Samegrelo usw.) umfasst und eine gro\u00dfe musikalische und klangliche Vielfalt darstellt.<\/p><p>Die Gruppe wurde 2020 gegr\u00fcndet und vom Au\u00dfenministerium der georgischen Regierung anerkannt, das sie einlud, bei der Veranstaltung der georgischen Diaspora im Dezember 2021 in Tiflis (der Hauptstadt Georgiens) zu singen. Im Jahr 2022 ver\u00f6ffentlichte Vocal Vircan sein erstes Album, das bei einem einzigen Konzert in Barcelona live aufgenommen wurde.<\/p>\t\t\t\t\t\t\t\t<\/div>\n\t\t\t\t<\/div>\n\t\t\t\t\t<\/div>\n\t\t\t\t<\/div>\n\t\t\t\t<\/div>\n\t\t","protected":false},"excerpt":{"rendered":"<p>Wo die nat\u00fcrlichen Grenzen Europas enden und der Osten auf den Westen trifft, erheben sich die dunklen Berge des Kaukasus, ein Land, das von Legenden und tiefen Traditionen umgeben ist<\/p>\n<p class=\"more-link\"><a href=\"https:\/\/vocalvircan.com\/index.php\/de\/uber-uns\/\" class=\"readmore\">Continue reading<span class=\"screen-reader-text\">\u00dcber uns<\/span><\/a><\/p>\n","protected":false},"author":2,"featured_media":0,"parent":0,"menu_order":0,"comment_status":"closed","ping_status":"closed","template":"","meta":{"footnotes":""},"class_list":["post-670","page","type-page","status-publish","hentry"],"yoast_head":"<!-- This site is optimized with the Yoast SEO plugin v26.5 - https:\/\/yoast.com\/wordpress\/plugins\/seo\/ -->\n<title>\u00dcber uns - Vocal Vircan<\/title>\n<meta name=\"robots\" content=\"index, follow, max-snippet:-1, max-image-preview:large, max-video-preview:-1\" \/>\n<link rel=\"canonical\" href=\"https:\/\/vocalvircan.com\/index.php\/de\/uber-uns\/\" \/>\n<meta property=\"og:locale\" content=\"en_US\" \/>\n<meta property=\"og:type\" content=\"article\" \/>\n<meta property=\"og:title\" content=\"\u00dcber uns - Vocal Vircan\" \/>\n<meta property=\"og:description\" content=\"Wo die nat\u00fcrlichen Grenzen Europas enden und der Osten auf den Westen trifft, erheben sich die dunklen Berge des Kaukasus, ein Land, das von Legenden und tiefen Traditionen umgeben istContinue reading\u00dcber uns\" \/>\n<meta property=\"og:url\" content=\"https:\/\/vocalvircan.com\/index.php\/de\/uber-uns\/\" \/>\n<meta property=\"og:site_name\" content=\"Vocal Vircan\" \/>\n<meta property=\"article:publisher\" content=\"https:\/\/www.facebook.com\/p\/Vocal-Vircan-Msica-Polifnica-Georgiana-61554379576336\/\" \/>\n<meta property=\"article:modified_time\" content=\"2025-07-10T09:56:04+00:00\" \/>\n<meta name=\"twitter:card\" content=\"summary_large_image\" \/>\n<meta name=\"twitter:label1\" content=\"Est. reading time\" \/>\n\t<meta name=\"twitter:data1\" content=\"2 minutes\" \/>\n<script type=\"application\/ld+json\" class=\"yoast-schema-graph\">{\"@context\":\"https:\/\/schema.org\",\"@graph\":[{\"@type\":\"WebPage\",\"@id\":\"https:\/\/vocalvircan.com\/index.php\/de\/uber-uns\/\",\"url\":\"https:\/\/vocalvircan.com\/index.php\/de\/uber-uns\/\",\"name\":\"\u00dcber uns - Vocal Vircan\",\"isPartOf\":{\"@id\":\"https:\/\/vocalvircan.com\/#website\"},\"datePublished\":\"2025-07-10T09:55:08+00:00\",\"dateModified\":\"2025-07-10T09:56:04+00:00\",\"breadcrumb\":{\"@id\":\"https:\/\/vocalvircan.com\/index.php\/de\/uber-uns\/#breadcrumb\"},\"inLanguage\":\"en-US\",\"potentialAction\":[{\"@type\":\"ReadAction\",\"target\":[\"https:\/\/vocalvircan.com\/index.php\/de\/uber-uns\/\"]}]},{\"@type\":\"BreadcrumbList\",\"@id\":\"https:\/\/vocalvircan.com\/index.php\/de\/uber-uns\/#breadcrumb\",\"itemListElement\":[{\"@type\":\"ListItem\",\"position\":1,\"name\":\"Portada\",\"item\":\"https:\/\/vocalvircan.com\/\"},{\"@type\":\"ListItem\",\"position\":2,\"name\":\"\u00dcber uns\"}]},{\"@type\":\"WebSite\",\"@id\":\"https:\/\/vocalvircan.com\/#website\",\"url\":\"https:\/\/vocalvircan.com\/\",\"name\":\"Vocal Vircan\",\"description\":\"M\u00fasica Polif\u00f3nica Georgiana\",\"publisher\":{\"@id\":\"https:\/\/vocalvircan.com\/#organization\"},\"potentialAction\":[{\"@type\":\"SearchAction\",\"target\":{\"@type\":\"EntryPoint\",\"urlTemplate\":\"https:\/\/vocalvircan.com\/?s={search_term_string}\"},\"query-input\":{\"@type\":\"PropertyValueSpecification\",\"valueRequired\":true,\"valueName\":\"search_term_string\"}}],\"inLanguage\":\"en-US\"},{\"@type\":\"Organization\",\"@id\":\"https:\/\/vocalvircan.com\/#organization\",\"name\":\"Vocal Vircan\",\"url\":\"https:\/\/vocalvircan.com\/\",\"logo\":{\"@type\":\"ImageObject\",\"inLanguage\":\"en-US\",\"@id\":\"https:\/\/vocalvircan.com\/#\/schema\/logo\/image\/\",\"url\":\"https:\/\/vocalvircan.com\/wp-content\/uploads\/2023\/12\/Recurso-10X3-e1703174798208.png\",\"contentUrl\":\"https:\/\/vocalvircan.com\/wp-content\/uploads\/2023\/12\/Recurso-10X3-e1703174798208.png\",\"width\":100,\"height\":114,\"caption\":\"Vocal Vircan\"},\"image\":{\"@id\":\"https:\/\/vocalvircan.com\/#\/schema\/logo\/image\/\"},\"sameAs\":[\"https:\/\/www.facebook.com\/p\/Vocal-Vircan-Msica-Polifnica-Georgiana-61554379576336\/\",\"https:\/\/www.instagram.com\/vocalvircan\/?hl=es\"]}]}<\/script>\n<!-- \/ Yoast SEO plugin. -->","yoast_head_json":{"title":"\u00dcber uns - Vocal Vircan","robots":{"index":"index","follow":"follow","max-snippet":"max-snippet:-1","max-image-preview":"max-image-preview:large","max-video-preview":"max-video-preview:-1"},"canonical":"https:\/\/vocalvircan.com\/index.php\/de\/uber-uns\/","og_locale":"en_US","og_type":"article","og_title":"\u00dcber uns - Vocal Vircan","og_description":"Wo die nat\u00fcrlichen Grenzen Europas enden und der Osten auf den Westen trifft, erheben sich die dunklen Berge des Kaukasus, ein Land, das von Legenden und tiefen Traditionen umgeben istContinue reading\u00dcber uns","og_url":"https:\/\/vocalvircan.com\/index.php\/de\/uber-uns\/","og_site_name":"Vocal Vircan","article_publisher":"https:\/\/www.facebook.com\/p\/Vocal-Vircan-Msica-Polifnica-Georgiana-61554379576336\/","article_modified_time":"2025-07-10T09:56:04+00:00","twitter_card":"summary_large_image","twitter_misc":{"Est. reading time":"2 minutes"},"schema":{"@context":"https:\/\/schema.org","@graph":[{"@type":"WebPage","@id":"https:\/\/vocalvircan.com\/index.php\/de\/uber-uns\/","url":"https:\/\/vocalvircan.com\/index.php\/de\/uber-uns\/","name":"\u00dcber uns - Vocal Vircan","isPartOf":{"@id":"https:\/\/vocalvircan.com\/#website"},"datePublished":"2025-07-10T09:55:08+00:00","dateModified":"2025-07-10T09:56:04+00:00","breadcrumb":{"@id":"https:\/\/vocalvircan.com\/index.php\/de\/uber-uns\/#breadcrumb"},"inLanguage":"en-US","potentialAction":[{"@type":"ReadAction","target":["https:\/\/vocalvircan.com\/index.php\/de\/uber-uns\/"]}]},{"@type":"BreadcrumbList","@id":"https:\/\/vocalvircan.com\/index.php\/de\/uber-uns\/#breadcrumb","itemListElement":[{"@type":"ListItem","position":1,"name":"Portada","item":"https:\/\/vocalvircan.com\/"},{"@type":"ListItem","position":2,"name":"\u00dcber uns"}]},{"@type":"WebSite","@id":"https:\/\/vocalvircan.com\/#website","url":"https:\/\/vocalvircan.com\/","name":"Vocal Vircan","description":"M\u00fasica Polif\u00f3nica Georgiana","publisher":{"@id":"https:\/\/vocalvircan.com\/#organization"},"potentialAction":[{"@type":"SearchAction","target":{"@type":"EntryPoint","urlTemplate":"https:\/\/vocalvircan.com\/?s={search_term_string}"},"query-input":{"@type":"PropertyValueSpecification","valueRequired":true,"valueName":"search_term_string"}}],"inLanguage":"en-US"},{"@type":"Organization","@id":"https:\/\/vocalvircan.com\/#organization","name":"Vocal Vircan","url":"https:\/\/vocalvircan.com\/","logo":{"@type":"ImageObject","inLanguage":"en-US","@id":"https:\/\/vocalvircan.com\/#\/schema\/logo\/image\/","url":"https:\/\/vocalvircan.com\/wp-content\/uploads\/2023\/12\/Recurso-10X3-e1703174798208.png","contentUrl":"https:\/\/vocalvircan.com\/wp-content\/uploads\/2023\/12\/Recurso-10X3-e1703174798208.png","width":100,"height":114,"caption":"Vocal Vircan"},"image":{"@id":"https:\/\/vocalvircan.com\/#\/schema\/logo\/image\/"},"sameAs":["https:\/\/www.facebook.com\/p\/Vocal-Vircan-Msica-Polifnica-Georgiana-61554379576336\/","https:\/\/www.instagram.com\/vocalvircan\/?hl=es"]}]}},"_links":{"self":[{"href":"https:\/\/vocalvircan.com\/index.php\/wp-json\/wp\/v2\/pages\/670","targetHints":{"allow":["GET"]}}],"collection":[{"href":"https:\/\/vocalvircan.com\/index.php\/wp-json\/wp\/v2\/pages"}],"about":[{"href":"https:\/\/vocalvircan.com\/index.php\/wp-json\/wp\/v2\/types\/page"}],"author":[{"embeddable":true,"href":"https:\/\/vocalvircan.com\/index.php\/wp-json\/wp\/v2\/users\/2"}],"replies":[{"embeddable":true,"href":"https:\/\/vocalvircan.com\/index.php\/wp-json\/wp\/v2\/comments?post=670"}],"version-history":[{"count":5,"href":"https:\/\/vocalvircan.com\/index.php\/wp-json\/wp\/v2\/pages\/670\/revisions"}],"predecessor-version":[{"id":675,"href":"https:\/\/vocalvircan.com\/index.php\/wp-json\/wp\/v2\/pages\/670\/revisions\/675"}],"wp:attachment":[{"href":"https:\/\/vocalvircan.com\/index.php\/wp-json\/wp\/v2\/media?parent=670"}],"curies":[{"name":"wp","href":"https:\/\/api.w.org\/{rel}","templated":true}]}}